st common divisor of 45 and v?
9
Let m(r) = 4*r + 2. Let k = 5 + -1. Let l be m(k). Let u(b) = -b**2 + 6*b + 3. Let q be u(3). Calculate the highest common divisor of l and q.
6
Suppose -2*w = 3*r - 5*r + 670, -2*w = 4. Suppose -3*b + 3 = -4*b, 4*b = -5*i + r. Calculate the greatest common factor of 23 and i.
23
Let y be (-26)/(-1) - 0/2. Suppose x - 2*x - h + 11 = 0, 5*h + y = 4*x. Suppose 0 = 2*b - 65 + x. What is the highest common factor of b and 70?
14
Suppose -2 = -2*f + 2. Let x(h) = 5*h**3 - h**2 + 2*h - 1. Let o be x(f). Let n be (-76)/(-3) - 6/(-9). Calculate the greatest common divisor of o and n.
13
Suppose 28*d + 28 = 30*d. Suppose 4*r - 40 - 16 = 0. Calculate the greatest common divisor of d and r.
14
Let x = -16 + 37. Let s(n) = -2*n + 4. Let h be s(-8). Let d be 4/(-10) - (-3368)/h. What is the greatest common factor of x and d?
21
Suppose m = 4*m. Suppose -4*g + 24 - 8 = m. Suppose g*o + 70 = 5*o. What is the greatest common factor of o and 10?
10
Suppose 1 + 2 = 3*o. Let x be -2 + o + (-1778)/(-7). Suppose 5*b - 157 + 42 = 0. Calculate the greatest common factor of b and x.
23
Let o be 115 - -2*(-2 + 4). Calculate the highest common divisor of 17 and o.
17
Suppose 5*x = 3*k - 19, -3*x = 4*k - 3*k + 3. Let l be -1 - (-60)/(-8)*x. Suppose 4*j - 56 = 448. Calculate the highest common factor of j and l.
14
Suppose 39 = -2*n + 221. Suppose -54 = -4*o + x, -5*x - 22 = -o + 1. Calculate the highest common divisor of o and n.
13
Let a(x) = -4*x - 49. Let g be a(-24). What is the highest common factor of g and 47?
47
Let d(m) = -4 + 3*m**2 - m**3 + 5*m**2 - 4*m**2 + 6*m. Let x be d(4). Calculate the highest common divisor of 50 and x.
10
Suppose 4*b + 14 = b + 2*z, 2*b = 3*z - 11. Let m be 0*(-2)/b - -11. Calculate the greatest common divisor of m and 88.
11
Let r be (-802 + -1)*(-2 + 1). Suppose -3*q + r = 272. Suppose -q = -v - p, 5*p - p = 2*v - 348. What is the greatest common factor of v and 16?
16
Let h = -57 - -104. Suppose -5*c = 25, 0*c + h = 2*a - 5*c. Calculate the highest common divisor of 55 and a.
11
Suppose 3*p = -q - 96, 2*p + q - 6*q + 81 = 0. Let j = p - -47. Calculate the greatest common factor of j and 21.
7
Let s(i) = 3*i + 8. Let k be s(4). Let x be k/(-30) + (-118)/(-6). What is the highest common divisor of x and 133?
19
Suppose 2*l - 360 = -l. Let r be -3*2/(3 + 68/(-20)). Calculate the greatest common divisor of r and l.
15
Let z = -14 + 28. What is the greatest common factor of z and 35?
7
Suppose 2*n - 5*n + 33 = -3*q, q = -3. Let k = 64 - 40. What is the highest common divisor of n and k?
8
Let y(o) = 18*o - 4. Let v be y(-4). Let q = v + 157. What is the greatest common factor of 9 and q?
9
Let i be ((-3)/2)/(9/(-96)). Suppose -1160 = -3*q - 2*q. Let b = q - 152. What is the greatest common factor of i and b?
16
Let x = -479 - -768. Suppose 0 = 5*z - x + 9. Let s(n) = -n**3 + 5*n**2 + 4*n - 6. Let a be s(5). Calculate the greatest common factor of z and a.
14
Let g(w) = 4*w**2 + 4*w + 14. Let f be g(-10). What is the greatest common divisor of 34 and f?
34
Let l be 3/((-60)/136)*(-8 - 2). What is the greatest common divisor of l and 51?
17
Let u be 5 + (0 - -3) - 3. What is the greatest common factor of u and 25?
5
Let x be 10/15 + 30/9. Calculate the highest common factor of x and 32.
4
Suppose 2*h = -3*s + 45, 9*s - 4*s - 40 = -h. Let g(o) = -o**3 + 5*o**2 + 7*o. Let j be g(6). Calculate the greatest common divisor of j and h.
3
Suppose 5*g - 8*g + 81 = 0. Calculate the highest common factor of g and 9.
9
Suppose 14 - 2 = 4*d. Let i be 4/2*6/d. What is the greatest common divisor of 32 and i?
4
Suppose 4*c = -4*m + 64, 2*c - 44 = -2*c + m. Calculate the highest common divisor of c and 60.
12
Suppose -6*r + 70 = -14. What is the highest common divisor of 63 and r?
7
Let k = -16 - -65. What is the highest common factor of 14 and k?
7
Let d = -1 + 1. Let r be 11 + 0 + 0 + d. Let g(c) = 4*c**2 - 14*c + 23. Let u be g(2). Calculate the greatest common divisor of r and u.
11
Let m be ((1 - 1)/(-2))/2. Let l = 1 - m. What is the greatest common factor of 1 and l?
1
Let n be (-7)/(-28) + 31/4. Let g(c) = c**3 - 7*c**2 - 8*c + 3. Let z be g(n). Calculate the greatest common factor of 27 and z.
3
Let v be ((-24)/10)/((-2)/105). Calculate the greatest common divisor of 18 and v.
18
Suppose -5*z = -4 - 1. Let m(c) = c**3 - c**2 - 3*c + 3. Let w be -2 + 4 - 3 - -3. Let p be m(w). What is the highest common divisor of p and z?
1
Let h = -3 - -4. Suppose 0 = 4*s - 13 + h. Let z = s + -2. Calculate the highest common divisor of z and 2.
1
Suppose 0 = -5*n - 5*f + 95, -2*f = 3*n - 4*f - 42. What is the greatest common factor of 12 and n?
4
Let v be 60/(1 - 9/15). Let k(s) = 3*s**3 + 2*s**2 - 2*s + 1. Let r be k(1). Suppose -r*y - y = -v. What is the highest common factor of y and 15?
15
Suppose 3*k - 47 = 37. What is the highest common divisor of k and 308?
28
Suppose -6*t = -10*t + 12. Suppose 3*v = -2*i + 46, -v + 4*i - 12 = -4. Let m be 21/v - (-1)/4. What is the highest common factor of t and m?
1
Let f be 45 - 1*15/(-5). What is the greatest common divisor of 12 and f?
12
Let z be 1/3 + (-215)/(-3). Let r be -3 + 3 + (-18)/(-1). Let k = -9 + r. Calculate the highest common divisor of z and k.
9
Let m = 27 + -23. Calculate the greatest common divisor of m and 2.
2
Let t(l) = 35*l**2 - l + 1. Suppose 2*k = 10 - 8. Let u be t(k). Let b(p) = -6*p - 4. Let a be b(-3). Calculate the greatest common divisor of a and u.
7
Let g be (-51)/(-4) - (-33)/(-44). Suppose r - 10 = -3*k + g, 0 = -3*r + 4*k + 66. Suppose 0 = -2*p + 4 - 0. Calculate the greatest common divisor of r and p.
2
Suppose 39 = v + 3. Let k be 3/((-45)/(-85)) + 1/3. Calculate the greatest common factor of k and v.
6
Suppose -4*v + v + 144 = 0. Suppose 0*z - v = -2*z - 2*b, 5*z - 3*b = 88. Let h = z - -1. What is the highest common factor of 7 and h?
7
Let o be 18 - 1/3*-3. Suppose 3*b + 2*i - 80 = 0, 0 = 5*b - 5*i - 81 - o. What is the greatest common factor of b and 16?
8
Let i = 98 - 397. Let d = 209 + i. Let l = d + 189. Calculate the greatest common factor of l and 11.
11
Suppose 0 = -6*w + w - 5*z + 760, -3*z - 736 = -5*w. Suppose -4*l = j - w, -4*j = l - 3*l + 52. What is the highest common factor of l and 24?
12
Suppose -4*t + 0*t = -32. Calculate the highest common divisor of t and 88.
8
Let b = -59 - -90. What is the highest common factor of 155 and b?
31
Let a be (-11)/2*(-2 + 0). Suppose -a = 2*r - 3*r. Suppose -5*q = -2*q - 297. What is the highest common divisor of q and r?
11
Suppose -3*t + 5*o = -170, -13 = t - 5*o - 83. Calculate the highest common factor of 125 and t.
25
Suppose -14 + 89 = 5*f. Let k = f + -6. What is the greatest common factor of 1 and k?
1
Let s be (-3 - -2)/((-6)/48). Let k(q) = -q**3 + 4*q**2 + 3*q - 2. Let f be k(4). Let y = -2 + f. Calculate the greatest common factor of s and y.
8
Let y = -3 - 2. Let n(p) = -18*p + 1. Let u be n(y). Let x = -28 + u. What is the highest common factor of x and 9?
9
Let s(j) = 15*j - 17. Let a be s(4). What is the greatest common divisor of 301 and a?
43
Suppose k - 3*k + 132 = 2*q, k - q - 60 = 0. Suppose 0*h - 3*h + k = 0. Suppose w - 315 = -2*w. What is the highest common divisor of h and w?
21
Suppose 33 = 6*b + 9. Suppose 4*v = -8 - 8. Let r(y) = y**3 + 7*y**2 + 5*y. Let w be r(v). Calculate the greatest common divisor of w and b.
4
Suppose -2*a + 29 = -21. What is the highest common factor of a and 5?
5
Suppose -3*x + 14 = r, -2*r + 3*x + x + 18 = 0. What is the greatest common factor of r and 88?
11
Let a = -81 + 129. Suppose -a = -2*m - m. What is the greatest common factor of m and 48?
16
Let w(k) be the first derivative of 9*k**2/2 + k + 3. Let p be w(1). Calculate the highest common factor of p and 25.
5
Suppose 640 = -0*c + 2*c + 4*r, 2*c + 3*r = 642. What is the highest common factor of c and 36?
36
Suppose 3*n + 3*r - 36 = 0, 5*r + 2 = -n + 30. Calculate the highest common factor of n and 8.
8
Suppose 13 + 2 = 5*z. Suppose z*n - 90 = -2*n. What is the greatest common factor of n and 54?
18
Let l be 1*93 + 6/(-2). Suppose -l = -5*c + 5*s, c + 0*s = -4*s + 28. Let n(w) = 39*w + 1. Let y be n(1). What is the greatest common factor of c and y?
20
Suppose 3*f + 6*j = 2*j + 